(c) be the second derivative of 3*c**5/20 - c**4/4 + c**3/3 - 3*c**2/2 - c. What is the remainder when 24 is divided by y(2)?
11
Let w(b) = b**3 + 5*b**2 - 2*b + 1. What is the remainder when w(-4) is divided by 7?
4
Let m(t) = t**3 - 4*t**2 - 5. Let w(c) = 14*c**2 + 3*c - 3. Calculate the remainder when w(2) is divided by m(5).
19
Suppose 0*s + 6 = 3*s. Let y = 19 + s. What is the remainder when 59 is divided by y?
17
Suppose 10*z + 18 = 13*z. Calculate the remainder when z is divided by 4.
2
Let w(l) be the first derivative of l**3/3 - l**2 - 6*l + 2. What is the remainder when 24 is divided by w(-3)?
6
Suppose 4*y + 0*m = -m + 80, -3*m + 88 = 4*y. Calculate the remainder when 35 is divided by y.
16
Let a be 5 - 1 - (5 + -4). Suppose 95 = -a*z + 8*z. What is the remainder when 36/(-1 - (-2 - 0)) is divided by z?
17
Let h(x) = x**3 + 7*x**2 - 3*x + 4. Calculate the remainder when h(-7) is divided by 9.
7
Let l = 2 - 0. Let a be -1 - 2*5/l. Calculate the remainder when 27 is divided by (-7)/(1 - a/(-4)).
13
Let c = -44 - -52. What is the remainder when c is divided by 8?
0
Suppose -15 = -g - m, 6*g = 2*g + 4*m + 100. Suppose 2*i - 4*o + 8 = 0, 3*i - 4*o + o = -3. What is the remainder when (-59)/2*i/(-1) is divided by g?
19
Let v(b) = b**3 + 8*b**2 + 5*b + 4. Let x be v(-8). Let l = 14 - x. Calculate the remainder when l is divided by 17.
16
Suppose 3*g - 2*c - 75 = 0, -4*c = -3*g - 0*c + 81. What is the remainder when g is divided by 11?
1
What is the remainder when (-94)/4*(-6 - -4) is divided by 16?
15
Let p(c) = -5*c - 4. Let j = -14 + 15. Suppose v + 306 = 5*w, -2*v - 1 = j. Calculate the remainder when w is divided by p(-5).
19
Suppose -2*v + 27 = -0*l + 5*l, 0 = -4*v - 2*l + 30. What is the remainder when v is divided by 3?
0
Let k = 2 - 1. What is the remainder when k is divided by 1?
0
Let m(k) = -k**2 - 12*k + 11. Calculate the remainder when m(-11) is divided by 6.
4
Let q(d) = d**3 + 5*d**2 + d + 6. Let p be q(-5). Suppose -4 = -4*y, -y - p = 3*o - 8. Suppose -o*n = 3*n - 110. What is the remainder when n is divided by 12?
10
Suppose -2*n - 5*t + 250 = 0, -4*n + 6*t = t - 560. What is the remainder when n is divided by 23?
20
Suppose 5*b - 2*u = 186, -50 - 61 = -3*b + u. Suppose b - 16 = 4*d. Calculate the remainder when d is divided by 4.
1
Suppose -q + 11 = -4*q - v, -10 = -5*q + 4*v. Suppose -4*s = -5*d + 70, -3*d = 2*s + 12 - 54. What is the remainder when q/(-4)*(50 - -4) is divided by d?
13
Suppose -17 = -3*z + w, 0 = 2*z + 8*w - 7*w - 18. What is the remainder when 19 is divided by z?
5
Suppose 2*x + p - 13 = 0, -2*x - 4*p + p + 11 = 0. Suppose -3*w = 3 - 18. Suppose -83 = -w*s - 18. What is the remainder when s is divided by x?
6
Suppose 0 = -u + 13 + 1. Let l = 8 - 6. Calculate the remainder when (-1)/(l/52)*-1 is divided by u.
12
Let j(n) = -1 - n**3 + 3*n**2 + 2*n**2 + 2*n + 0*n. What is the remainder when -1 + 0 - -2*13 is divided by j(5)?
7
Let i = 131 + -112. Calculate the remainder when i is divided by 5.
4
Let h be 4 - (-5)/(10/(-4)). Suppose -h*l = -2 - 2. What is the remainder when 16 is divided by -2 + (12 - l) + -2?
4
Let z(f) = -f. Let x be z(-4). Let s(m) = 4*m - 12. Let q be s(7). What is the remainder when ((-52)/q)/((-1)/x) is divided by 7?
6
Let t = 37 + -84. Let f = -9 - t. Suppose 5*r + 13 = o, 3*o - 39 = 2*r + 2*r. Calculate the remainder when f is divided by o.
12
Let b(w) = 3*w + 36. Let k(t) = -t - 12. Let f(x) = -2*b(x) - 7*k(x). What is the remainder when 65 is divided by f(10)?
21
Calculate the remainder when -2*4/16*-16 is divided by 3.
2
Let r(v) = v**3 + v**2. Let k be r(0). Let d = k - -5. What is the remainder when 9 is divided by d?
4
Let t(z) be the first derivative of -13*z**3/3 + z**2/2 + 2. Let i be t(1). Calculate the remainder when 28 is divided by 4/(-6) + (-128)/i.
8
Suppose 4*r - 104 = 92. What is the remainder when r is divided by 14?
7
Suppose -j + 27 = -b - 7, -4*j = 4*b - 160. Calculate the remainder when j is divided by 19.
18
Let h = -14 + 32. Suppose -2*b - 56 = -3*b. Suppose 2*n + b - 160 = 0. What is the remainder when n is divided by h?
16
Suppose f - 2 = 1. Suppose -4*q - 5 + 19 = f*o, 0 = 5*o - q - 54. Suppose -3*y + o + 16 = -2*a, 2*y = a + 18. Calculate the remainder when 37 is divided by y.
7
Let r(d) = 10*d + 9. Calculate the remainder when r(7) is divided by 20.
19
Suppose 5*i = 8*i - 15. Suppose 2*o + 9 = 3*r, -2*r + 4*o + 1 + 5 = 0. Suppose 67 = i*n + r*q, 2 = -3*n - q + 43. What is the remainder when 53 is divided by n?
11
Let k = 43 + 35. What is the remainder when k is divided by 40?
38
Let h(r) = r**2 - r + 14. Let x be h(0). Let t = 10 - x. What is the remainder when t/(-14) - (-832)/28 is divided by 11?
8
Suppose 5*o = -3*a, -32 = -5*a + a + 4*o. Suppose a*k + 0 = 15. Calculate the remainder when k is divided by 1.
0
Let a be (-62)/22 + 10/(-55). Let l be a/(-1) + -5 + 7. Suppose -124 - 51 = -l*n. What is the remainder when n is divided by 12?
11
Let h = 14 + 30. What is the remainder when h is divided by 23?
21
What is the remainder when 65 is divided by 18/1 + (2 - 1 - 2)?
14
Let n be 95/(-20) - 2/8. Calculate the remainder when 8/(-6)*(n - 1) is divided by 3.
2
Suppose g + 7 = -2*j, 2*j = -g + 4*j - 7. Let i(a) = a**2 + 4*a - 8. What is the remainder when i(g) is divided by 7?
6
Let l(m) = -m. Let a(b) = -5*b - 4. Let j(s) = a(s) + 3*l(s). What is the remainder when 1/(-2) - 45/(-2) is divided by j(-2)?
10
Let m = -17 + 20. Calculate the remainder when 9 is divided by m.
0
Calculate the remainder when 59 is divided by 234/15 - 6/(-15).
11
Suppose -2*q - 6 - 4 = 0, -5*g = 2*q + 85. Let s = 35 + g. Let u(z) = 13*z - 1. Calculate the remainder when u(3) is divided by s.
18
Suppose -26 = 6*n - 110. What is the remainder when 81 is divided by n?
11
Let r(o) = -o**2 + 2*o. Suppose 0 = -5*w - h + 5*h + 6, 0 = w + 2*h - 4. Let l be r(w). Suppose -12 = -a - l*a. What is the remainder when 35 is divided by a?
11
Let h be 9/(-6) + 90/12. Calculate the remainder when 37 is divided by 2/((-4)/h) + 17.
9
Suppose -174 + 46 = -4*z. Suppose c = -c + z. Calculate the remainder when c is divided by 6.
4
Suppose -2*n - 4*c - 32 = -5*n, -5*n = 2*c - 10. What is the remainder when 7 is divided by n?
3
Suppose -3*q = -4*c - c + 135, -4*q - 68 = -2*c. What is the remainder when c is divided by 9?
6
Let c(k) = -5*k - 31. Calculate the remainder when 114 is divided by c(-14).
36
Let f(c) = 13*c + 5. Suppose -33*k - 45 = -36*k. What is the remainder when f(4) is divided by k?
12
Let m(o) = -o**2 + 6*o - 5. Let g = 182 + -181. Calculate the remainder when m(4) is divided by g.
0
Suppose -135 = 14*q - 17*q. What is the remainder when 177 is divided by q?
42
Suppose g = -5*z - 0 + 3, -5*g + 2*z = -42. Let v(y) = -y + 20. What is the remainder when v(g) is divided by 5?
2
Suppose -94 + 42 = -4*k. Suppose -2*a + 5*a = 150. What is the remainder when a is divided by k?
11
Let a = 3 - 1. Suppose a*h + 10 = 0, 0*l - 4*h - 95 = -5*l. Calculate the remainder when 58 is divided by l.
13
Suppose m - 4*m = -9. Suppose 0*g = -3*g - m*l + 51, -4*g = -4*l - 44. Suppose 4*w - g = 2*w. What is the remainder when 13 is divided by w?
6
Suppose 4*a = 4*f + 12, -5*a + 3*f + f + 17 = 0. Suppose -28 + 148 = a*c. Calculate the remainder when c is divided by 9.
6
Suppose 16*o - 9*o - 98 = 0. What is the remainder when 39 is divided by o?
11
What is the remainder when 32/10*(-10)/(-4) is divided by 3?
2
Let p = -1 + 2. Let v(l) = 3*l**2 + 3*l - 1. Calculate the remainder when v(2) is divided by -2*1 + 8/p.
5
Let o(m) = -2*m**3 - m**2 + 5*m + 3. Suppose 3 - 51 = -4*d. What is the remainder when o(-3) is divided by d?
9
Suppose 13*w = 16*w - 51. What is the remainder when 63 is divided by w?
12
Calculate the remainder when 10 is divided by 1 + (-2)/(-2) - -1*3.
0
Suppose -5*b + 4*j + 316 = 0, -237 = -4*b - j + 20. Suppose g - b = -3*g. What is the remainder when 46 is divided by g?
14
Suppose 3*x = -i + 6, -11 = -2*x + i - 2. Let v = x + 10. Let d = 8 + 16. What is the remainder when d is divided by v?
11
Let y be (-147)/(-12) - 1/4. Suppose 0 = z - y - 6. Calculate the remainder when 35 is divided by z.
17
Let a = 237 + -180. Let m = 0 + -1. Calculate the remainder when a is divided by 16 + 2/m + 1.
12
S